ommon factor of p and x?
11
Let f(d) = d**3 + 5*d**2 + 2*d - 3. Let g be f(-3). Suppose g = 8*m + m. Let y = 31 - 20. What is the highest common factor of y and m?
1
Let t = -66 - -35. Let y = t - -28. Let u = y - -93. Calculate the highest common factor of u and 10.
10
Let l be -2 + -21 + -1 + 2. Suppose -6*x - 321 = -4*g - x, -390 = -5*g - 5*x. Let j = l + g. What is the highest common divisor of 19 and j?
19
Suppose f + 4 - 26 = 0. Suppose 0 = -5*d - 0*h - h + 111, 49 = 2*d + 5*h. Let l be ((60/10)/3)/(4/d). Calculate the highest common divisor of l and f.
11
Suppose -2*s + k + 104 = 0, -10*k + 11*k = -4*s + 202. Let q(r) = 172*r**2 + 22*r - 1. Let m be q(2). What is the greatest common factor of m and s?
17
Let d(w) = -252*w + 2376. Let p be d(9). What is the highest common factor of p and 4968?
108
Let x = 43 - 36. Let t(w) = -x*w + 6*w + 11 + 0*w. Let a be t(-7). What is the greatest common divisor of a and 18?
18
Suppose -3*i + 4*k = 38, 4*i - 5*k - 7 + 56 = 0. Let n(t) = 3*t**2 + 12*t - 6. Let y be n(i). What is the highest common divisor of 165 and y?
15
Let m(u) = -u**3 - u**2 - 171*u - 511. Let w be m(-3). Let n be 0/(-2 - (-1)/1). Let o be n + 28 + 2 + 0. Calculate the greatest common divisor of o and w.
10
Let t be (-4)/(1/(2 - 3)). Let d be t/((-8)/10)*-14. Let w(u) = -u**2 + 277*u + 14. Let o be w(0). Calculate the greatest common divisor of o and d.
14
Suppose 0 = 5*a + 10, 0 = -2*f - 24*a + 27*a + 5362. What is the highest common factor of f and 130?
26
Let l = 23 + -19. Suppose l*o = 40*o - 2520. Let c(t) = 3*t**2 + t. Let b be c(-2). Calculate the highest common factor of b and o.
10
Suppose 46*l + 4*m = 51*l - 26798, 0 = 4*l - 3*m - 21438. Calculate the greatest common factor of 570 and l.
114
Suppose -27816 = -33*v + 21*v. What is the greatest common factor of 38 and v?
38
Suppose 2*n + 1443 = x - 1237, -3*x = 2*n - 8024. What is the greatest common divisor of x and 36?
12
Suppose 282*o = 12882 - 1602. Calculate the highest common divisor of 350 and o.
10
Let c be ((0 + 0)/(-1 - 0))/1. Suppose -3*i - 2*i = -15, c = z + 2*i - 57. Calculate the greatest common divisor of z and 119.
17
Suppose -115*l - 310 = -117*l. Calculate the highest common divisor of 527 and l.
31
Let t(b) = 6*b**3 - 3*b**2 - 7*b + 15. Let n(u) = 2*u**3 - 7*u**2 + 6*u - 5. Let d be n(3). Let z be t(d). What is the highest common factor of z and 17?
17
Suppose 4*d - 312 = -5*t, 89*d - 156 = 87*d + 4*t. What is the greatest common divisor of d and 120?
6
Let x(p) = p**2 - 125*p - 5074. Let v be x(-33). Calculate the highest common divisor of v and 11788.
28
Let d = 2764 + -2232. Calculate the highest common factor of 140 and d.
28
Let x = 348 - 345. Suppose -4*c + 2*z + 30 = 0, -x = c + 2*z + z. What is the greatest common divisor of c and 84?
6
Suppose -2316 = -18*c + 1140. Let z = c + 105. What is the highest common divisor of z and 11?
11
Let k be -1*(108/(-45))/((-1)/(-20)). Let t = 19 - 13. Calculate the highest common factor of t and k.
6
Let c = 936 - 848. Suppose 0 = 5*i - 3*b - c, -i - b = i - 44. Suppose -2*w + 140 = t + 3*w, 4*t = -2*w + 632. Calculate the highest common divisor of t and i.
20
Let t be (-1)/(-2)*46216/436. What is the highest common factor of 3551 and t?
53
Let r = 72 - 69. Let o be (-16)/4*r/(-6)*1. Suppose 0 = l + o*j - 12, 3*l + 2*j + 3*j = 40. Calculate the greatest common divisor of 8 and l.
4
Suppose 3*w - l = 29, -l + 5*l + 44 = 4*w. Let k be 767/w - 17/(153/2). What is the greatest common divisor of k and 34?
17
Let o(q) = -7*q**2 - 15*q + 28. Let b be o(-9). Let z = b + 529. Calculate the highest common divisor of z and 5.
5
Let c(l) = 8*l + 27. Let a(o) = -8*o - 27. Let j(r) = 5*a(r) + 6*c(r). Let x be j(8). Let t = x + -80. Calculate the highest common factor of t and 1.
1
Suppose 68*i = 69*i - 130. Let a be (0 + 10)*1 + (i - 134). Calculate the greatest common divisor of 78 and a.
6
Suppose 17*z + 2749 - 4597 = -7*z. Let v = 15 - -9. Let a = -17 + v. What is the greatest common divisor of a and z?
7
Suppose 0 = 7*z - 9*z + 6664 + 2156. Calculate the greatest common factor of z and 20.
10
Let n = 851 + -474. Suppose -5*z - 152 + n = 4*c, 5*c = -z + 297. What is the highest common divisor of c and 24?
12
Let s = -243 - -3036. What is the greatest common divisor of s and 294?
147
Let n = -698 + 1004. Let h be (1 - (-138)/24)/(3/8). What is the greatest common divisor of h and n?
18
Let n = 81 - 35. Suppose -n*g + 320 = -38*g. Calculate the highest common factor of 10 and g.
10
Let r(q) be the first derivative of 13*q**3/3 - 57*q**2 + 20*q - 82. Let g be r(10). What is the highest common divisor of 40 and g?
20
Suppose 506*m - 5590 - 3461 = -573 + 124. Let d = -1 + 1. Suppose -275 = -3*f - 4*q, d*f + 95 = f + 2*q. Calculate the greatest common divisor of f and m.
17
Suppose 17*z - 16*z - 2 = 0. Suppose -f = 2, 3*h = -z*f - 2 + 4. Suppose 4*s - 54 = h*r, 3*s + r = 6*r + 51. What is the highest common divisor of 96 and s?
12
Suppose -90*g + 3103 = -1826 + 609. What is the greatest common factor of 1308 and g?
12
Suppose v - 125 - 103 = -4*k, 2*v = 0. Suppose 13*h - 33 = 2*h. What is the highest common divisor of h and k?
3
Let a(l) = 3240*l**2 + 17*l - 53. Let w be a(4). What is the highest common factor of w and 15?
15
Let k be (22 - 19)*(-1)/(-1)*1. Let g be ((-42)/28)/(k/(-8)). Suppose -9 = -g*x + 19. Calculate the highest common factor of x and 91.
7
Suppose 0 = 8*s + 92 - 12. Let b(i) = -2*i - 11. Let y be b(s). Calculate the highest common factor of 153 and y.
9
Let z(l) = -l + 4*l**2 + 9 + 0 - 7. Suppose t + 5 + 1 = 2*f, -5*t - 15 = 5*f. Let i be z(f). Calculate the greatest common divisor of 20 and i.
5
Let t = 3063 + -3003. Calculate the highest common divisor of t and 1220.
20
Suppose -60*v = -4487 - 13. What is the greatest common factor of 5475 and v?
75
Suppose 0 = h + 4*t - 548, 253*t - 1103 = -2*h + 252*t. What is the highest common divisor of 23 and h?
23
Suppose -11*c + 3857 - 1976 = 0. What is the highest common factor of 21 and c?
3
Let m(u) be the third derivative of u**6/120 - 7*u**5/15 + 3*u**4/8 + 7*u**3 - 60*u**2. Let w be m(28). What is the greatest common factor of 12 and w?
6
Let c(k) = -14*k - 55. Suppose 95 = -23*s - 135. Let v be c(s). What is the highest common divisor of 25 and v?
5
Let s(h) = 201*h + 16. Let b be s(4). Let t be b/34 - ((-10)/(-85) - 0). What is the highest common divisor of t and 312?
24
Let s be 4/(-14) + 16760/56. Let i be 4 + -6 - 5 - (-1 - 29). What is the greatest common divisor of i and s?
23
Let y be 2 - 0 - -3 - (-129 + 107). Let p = -15 + 23. Let g = p + 10. What is the highest common factor of y and g?
9
Let d(p) = -2*p**3 + 215*p**2 + 108*p + 44. Let c be d(108). Let w be 760/24 - (-4)/3. Calculate the greatest common factor of c and w.
11
Let m = -17243 - -17331. What is the greatest common divisor of m and 3542?
22
Suppose 5*o + 3*v = 715 + 325, 3*o = 5*v + 590. Let z = o + -25. What is the greatest common divisor of z and 100?
20
Let n be 2 + 1 - -3*2/(-6). Let z = 101 - -4. Suppose 0 = n*i - z + 79. Calculate the highest common divisor of 65 and i.
13
Let s = 40 + -7. Suppose 51785*l + 660 = 51815*l. What is the highest common factor of l and s?
11
Let w = 198 + 642. Let v be (w/50)/((-2)/(-365)). Let o be v/54 + (-2)/(-9) + -3. Calculate the highest common factor of o and 18.
18
Suppose 34*z = 23*z + 4070. Suppose -i + 11 = -2*f - 173, -z = -2*i + 5*f. What is the highest common divisor of 9 and i?
9
Let f = -11014 + 12126. What is the greatest common divisor of f and 64?
8
Let r(v) = -4*v**3 + 14*v**2 + 45*v. Let w be r(-3). What is the greatest common divisor of 2343 and w?
33
Let y = -2965 - -3415. What is the highest common divisor of y and 350?
50
Suppose 65 = -65*g + 70*g. Suppose -5*f = -3*h + 522, 3*h - 3*f + 329 = 5*h. Calculate the greatest common factor of g and h.
13
Suppose -37 = -t - 4*p, 49*t - 48*t + 2*p - 27 = 0. Calculate the highest common factor of t and 1904.
17
Let p(y) = -y**2 - 113*y - 932. Let u be p(-9). What is the highest common factor of u and 628?
4
Let w(a) = -a**3 + a**2 + 2*a - 3. Let u be w(-2). Let x be 0/u - (0 + 0) - -3. Suppose x*r = 4*r - 70. What is the greatest common factor of 10 and r?
10
Let p be ((-76)/3)/((-